{"id":44,"date":"2009-04-10T12:15:30","date_gmt":"2009-04-10T10:15:30","guid":{"rendered":"http:\/\/www.videospotting.org\/eng\/?page_id=44"},"modified":"2012-09-12T17:20:48","modified_gmt":"2012-09-12T15:20:48","slug":"videodokument-presents_1-2000","status":"publish","type":"page","link":"https:\/\/www.videospotting.org\/eng\/videodokument-presents_1-2000","title":{"rendered":"Videodokument Presents_1  (2000)"},"content":{"rendered":"<p class=\"crta\"><strong>Curated by:<\/strong> <strong>Barbara Bor\u010di\u0107<\/strong> and <strong>Igor \u0160panjol<\/strong><br \/>\n<strong>Production:<\/strong> SCCA-Ljubljana 2000<br \/>\n<strong>Duration:<\/strong> 73&#8242; 30&#8243;<\/p>\n<p>One-hour program of Slovene video art has been selected for the accompanying screening program at the presentations of the project Videodokument: Video Art in Slovenia 1969-1998. The selected video works show the technological, media and contents shifts in a chronological manner. <\/p>\n<p class=\"crta\">It is also a complementary screening program to the lectures on video art in Slovenia.\n<\/p>\n<p><strong>Nu\u0161a &#038; Sre\u010do Dragan, The White Milk of White Breasts<\/strong>, 2&#8242; 24&#8243;<br \/>\nN. &#038; S. D., 1969 (reconstruction:1994; fragment)<br \/>\n<img decoding=\"async\" class=\"slika\" src=\"http:\/\/www.videospotting.org\/wp-content\/uploads\/video-img\/dragan\/dragan-belo-mleko.jpg\" alt=\"Nu\u0161a &#038; Sre\u010do Dragan, The White Milk of White Breasts\" \/> <\/p>\n<p><strong>Miha Vipotnik, Don&#8217;t Panic<\/strong>, 7&#8242;<br \/>\nTV Koper &#038; Obalne galerije Piran, 1984<br \/>\n<img decoding=\"async\" class=\"slika\" src=\"http:\/\/www.videospotting.org\/wp-content\/uploads\/video-img\/vipotnik\/vipotnik-dont-panic.jpg\" alt=\"Miha Vipotnik, Don't Panic\" \/> <\/p>\n<p><strong>Marijan Osole-Max, Avtop<\/strong>, 4&#8242; 50&#8221;<br \/>\n\u0160KD Forum, Ljubljana 1983<br \/>\n<img decoding=\"async\" class=\"slika\" src=\"http:\/\/www.videospotting.org\/wp-content\/uploads\/video-img\/osole\/osole-avtop.jpg\" alt=\"Marijan Osole-Max, Avtop\" \/> <\/p>\n<p><strong>Marko A. Kova\u010di\u010d, American Dream<\/strong>, 6&#8242;<br \/>\nBrut, 1986<br \/>\n<img decoding=\"async\" class=\"slika\" src=\"http:\/\/www.videospotting.org\/wp-content\/uploads\/video-img\/kovacic\/kovacic-american-dream.jpg\" alt=\"Marko A. Kova\u010di\u010d, American Dream\" \/> <\/p>\n<p><strong>Rok Sieberer-Kuri, Crisis<\/strong>, 3&#8242;<br \/>\nV.S. Video \/ \u0160KUC \u2013 Forum, 1989<br \/>\n<img decoding=\"async\" class=\"slika\" src=\"http:\/\/www.videospotting.org\/wp-content\/uploads\/video-img\/kuri\/kuri-kriza.jpg\" alt=\"Rok Sieberer-Kuri, Crisis\" \/> <\/p>\n<p><strong>Sa\u0161o Podgor\u0161ek, Model (Demolition Group)<\/strong>, 4&#8242; 57&#8221;<br \/>\nNord Cross Production, Mute film &#038; TV Slovenija, Ljubljana, 1994<br \/>\n<img decoding=\"async\" class=\"slika\" src=\"http:\/\/www.videospotting.org\/wp-content\/uploads\/video-img\/podgorsek\/podgorsek-model.jpg\" alt=\"Sa\u0161o Podgor\u0161ek, Model (Demolition Group)\" \/> <\/p>\n<p><strong>Mirko Simi\u0107, Scream (Borghesia)<\/strong>, 3&#8242; 52&#8221;<br \/>\nBris &#038;VPK, 1995<br \/>\n<img decoding=\"async\" class=\"slika\" src=\"http:\/\/www.videospotting.org\/wp-content\/uploads\/video-img\/simic\/simic-scream.jpg\" alt=\"Mirko Simi\u0107, Scream (Borghesia)\" \/><\/p>\n<p><strong>Peter Vezjak, Venite Lucifer (Paracelsus &#038; 300.000 V.K.)<\/strong>, 3&#8242; 30&#8221;<br \/>\nMute Film &#038; TV Slovenija, 1995<br \/>\n<img decoding=\"async\" class=\"slika\" src=\"http:\/\/www.videospotting.org\/wp-content\/uploads\/video-img\/vezjak\/vezjak-venite.jpg\" alt=\"Peter Vezjak, Venite Lucifer (Paracelsus &#038; 300.000 V.K.)\" \/><\/p>\n<p><strong>Zemira Alajbegovi\u0107 in Neven Korda (ZANK), Sand Collectors<\/strong>, 12&#8242;<br \/>\nForum Ljubljana &#038; TV Slovenija, 1995<br \/>\n<img decoding=\"async\" class=\"slika\" src=\"http:\/\/www.videospotting.org\/wp-content\/uploads\/video-img\/zank\/zank-zbiralci-peska.jpg\" alt=\"Zemira Alajbegovi\u0107 in Neven Korda (ZANK), Sand Collectors\" \/><\/p>\n<p><strong>Ema Kugler, Taiga<\/strong>, 8&#8242; 23&#8221;<br \/>\nForum Ljubljana &#038; VPK, 1996<br \/>\n<img decoding=\"async\" class=\"slika\" src=\"http:\/\/www.videospotting.org\/wp-content\/uploads\/video-img\/kugler\/kugler-tajga.jpg\" alt=\"Ema Kugler, Taiga\" \/><\/p>\n<p><strong>Nata\u0161a Prosenc, One Way<\/strong>, 5&#8242; 32&#8221;<br \/>\nTV Slovenija, 1996<br \/>\n<img decoding=\"async\" class=\"slika\" src=\"http:\/\/www.videospotting.org\/wp-content\/uploads\/video-img\/prosenc\/prosenc-one-way.jpg\" alt=\"Nata\u0161a Prosenc, One Way\" \/><\/p>\n<p><strong>Jasna Hribernik in Zmago Lenardi\u010d, Elsa und Lohengrin<\/strong>, 3&#8242;<br \/>\nVPK, 1997<br \/>\n<img decoding=\"async\" class=\"slika\" src=\"http:\/\/www.videospotting.org\/wp-content\/uploads\/video-img\/hribernik\/hribernik-lenardic-elsa.jpg\" alt=\"Jasna Hribernik in Zmago Lenardi\u010d, Elsa und Lohengrin\" \/><\/p>\n<p><strong>Apolonija \u0160u\u0161ter\u0161i\u010d, Private Corridor \u2013 Public Toilets<\/strong>, 3&#8242; 30&#8221;<br \/>\nRijksakademie van beeldende kunsten Amsterdam &#038; Forum Ljubljana, 1997<br \/>\n<img decoding=\"async\" class=\"slika\" src=\"http:\/\/www.videospotting.org\/wp-content\/uploads\/video-img\/sustersic\/sustersic-private-corridor.jpg\" alt=\"Apolonija \u0160u\u0161ter\u0161i\u010d, Private Corridor \u2013 Public Toilets\" \/><\/p>\n<p><strong>Sa\u0161o Vrabi\u010d, Odkrivanje mikrokozmosa \/ Exploration of the Micro-Cosmos<\/strong>, 2&#8242;<br \/>\nS. V. &#038; Ljudmila, 1998<br \/>\n<img decoding=\"async\" class=\"slika\" src=\"http:\/\/www.videospotting.org\/wp-content\/uploads\/video-img\/vrabic\/vrabic-odkrivanje.jpg\" alt=\"Sa\u0161o Vrabi\u010d, Odkrivanje mikrokozmosa \/ Exploration of the Micro-Cosmos\" \/><\/p>\n","protected":false},"excerpt":{"rendered":"<p>Curated by: Barbara Bor\u010di\u0107 and Igor \u0160panjol Production: SCCA-Ljubljana 2000 Duration: 73&#8242; 30&#8243; One-hour program of Slovene video art has been selected for the accompanying screening program at the presentations of the project Videodokument: Video Art in Slovenia 1969-1998. The selected video works show the technological, media and contents shifts in a chronological manner. It [&hellip;]<\/p>\n","protected":false},"author":1,"featured_media":0,"parent":0,"menu_order":42,"comment_status":"closed","ping_status":"closed","template":"","meta":{"footnotes":""},"class_list":["post-44","page","type-page","status-publish","hentry"],"_links":{"self":[{"href":"https:\/\/www.videospotting.org\/eng\/wp-json\/wp\/v2\/pages\/44","targetHints":{"allow":["GET"]}}],"collection":[{"href":"https:\/\/www.videospotting.org\/eng\/wp-json\/wp\/v2\/pages"}],"about":[{"href":"https:\/\/www.videospotting.org\/eng\/wp-json\/wp\/v2\/types\/page"}],"author":[{"embeddable":true,"href":"https:\/\/www.videospotting.org\/eng\/wp-json\/wp\/v2\/users\/1"}],"replies":[{"embeddable":true,"href":"https:\/\/www.videospotting.org\/eng\/wp-json\/wp\/v2\/comments?post=44"}],"version-history":[{"count":7,"href":"https:\/\/www.videospotting.org\/eng\/wp-json\/wp\/v2\/pages\/44\/revisions"}],"predecessor-version":[{"id":455,"href":"https:\/\/www.videospotting.org\/eng\/wp-json\/wp\/v2\/pages\/44\/revisions\/455"}],"wp:attachment":[{"href":"https:\/\/www.videospotting.org\/eng\/wp-json\/wp\/v2\/media?parent=44"}],"curies":[{"name":"wp","href":"https:\/\/api.w.org\/{rel}","templated":true}]}}