{"id":798,"date":"2017-09-22T12:27:25","date_gmt":"2017-09-22T10:27:25","guid":{"rendered":"http:\/\/www.videospotting.org\/eng\/?page_id=798"},"modified":"2017-09-22T12:35:06","modified_gmt":"2017-09-22T10:35:06","slug":"awaiting-the-future-2017","status":"publish","type":"page","link":"https:\/\/www.videospotting.org\/eng\/awaiting-the-future-2017","title":{"rendered":"Awaiting the Future (2017)"},"content":{"rendered":"<p class=\"crta\"><strong>Curator: Anita Budimir<br \/>\nProduction:<\/strong> SCCA-Ljubljana, 2017<br \/>\n<strong>Duration:<\/strong> 41\u2019<br \/>\n<strong>Premiere:<\/strong> 24th Anniversary of Metelkova City, Studio of Andrej Pezelj (Sep 8, 2017)<\/p>\n<p>In an abstract harmony, the selected works make visual and sound video trance experience.<br \/>\nThe footages disturbed by graphic signs, animated drawings and computer imagery, are crossing different times and cultures. While achieving audio-visual expressions of unconscious, video works escape everyday reality and are cunningly turning conventions into absurd in motion.<\/p>\n<p>As the Zurich Radical Artists wrote in their manifesto in 1919: <em>\u201cThe means that serve abstraction are of synthetic, anorganic and impersonal sort, meaning an operation with formal and sensual essence. The abstract is the primary form of art. Abstractions are the essential human abilities slumbering in everyone. Abstract art means the enormous broadening of the sentiment of freedom of man.\u201d<\/em><\/p>\n<p><strong>Zemira Alajbegovi\u0107 \/ DJ Plasma, Vortex<\/strong>, 4\u2032<br \/>\nTV Slovenia, 2000<br \/>\n<a href=\"http:\/\/www.e-arhiv.org\/diva\/index.php?opt=work&amp;id=266\" target=\"_blank\" rel=\"noopener\">\u00bb video<\/a><br \/>\n<img decoding=\"async\" class=\"slika\" src=\"http:\/\/www.videospotting.org\/wp-content\/uploads\/video-img\/alajbegovic\/alajbegovic-vortex.jpg\" alt=\"Zemira Alajbegovi\u0107, Vortex\" \/><\/p>\n<p><strong>Maja Smrekar, Repeating Coincidence<\/strong>, 3\u203242\u2033<br \/>\nMaja Smrekar, 2009<br \/>\n<a href=\"http:\/\/www.e-arhiv.org\/diva\/index.php?opt=work&amp;id=812\" target=\"_blank\" rel=\"noopener\">\u00bb video<\/a><br \/>\n<img decoding=\"async\" class=\"slika\" src=\"http:\/\/www.videospotting.org\/wp-content\/uploads\/video-img\/smrekar\/smrekar-repeating-coincidence.jpg\" alt=\"Maja Smrekar, Repeating Coincidence\" \/><\/p>\n<p><strong>Nata\u0161a Prosenc Stearns, \u010cas? \/ Time?<\/strong>, 2\u2032<br \/>\nTV Slovenia, 1990<br \/>\n<a href=\"http:\/\/www.e-arhiv.org\/diva\/index.php?opt=work&amp;id=109\" target=\"_blank\" rel=\"noopener\">\u00bb video<\/a><br \/>\n<img decoding=\"async\" class=\"slika\" src=\"http:\/\/www.videospotting.org\/wp-content\/uploads\/video-img\/prosenc\/prosenc-cas.jpg\" alt=\"Nata\u0161a Prosenc Stearns, \u010cas?\" \/><\/p>\n<p><strong>Zoran Srdi\u0107 Jane\u017ei\u010d, Trash Robots<\/strong>, 2\u2032<br \/>\nGulag Institute for Contemporary Art and Cultures, 2010<br \/>\n<a href=\"http:\/\/www.e-arhiv.org\/diva\/index.php?opt=work&amp;id=977\" target=\"_blank\" rel=\"noopener\">\u00bb video<\/a><br \/>\n<img decoding=\"async\" class=\"slika\" src=\"http:\/\/www.videospotting.org\/wp-content\/uploads\/video-img\/srdic\/srdic-janezic-trash-robots.jpg\" alt=\"Zoran Srdi\u0107 Jane\u017ei\u010d, Trash Robots\" \/><\/p>\n<p><strong>Mirko Simi\u0107, Out of memory<\/strong>, 5\u2032<br \/>\nBris, VPK, V.S. Video \/ Forum &amp; KUD Naprej Idrija, 1994<br \/>\n<a href=\"http:\/\/www.e-arhiv.org\/diva\/index.php?opt=work&amp;id=134\" target=\"_blank\" rel=\"noopener\">\u00bb video<\/a><br \/>\n<img decoding=\"async\" class=\"slika\" src=\"http:\/\/www.videospotting.org\/wp-content\/uploads\/video-img\/simic\/simic_out-of-memory.jpg\" alt=\"Mirko Simi\u010d, Out of Memory\" \/><\/p>\n<p><strong>Mirko Simi\u0107, Positive Connection II<\/strong>, 3\u203228\u2033<br \/>\nBris &amp; V.S. Video \/ Forum, Ljubljana, 1990<br \/>\n<a href=\"http:\/\/www.e-arhiv.org\/diva\/index.php?opt=work&amp;id=207\" target=\"_blank\" rel=\"noopener\">\u00bb video<\/a><br \/>\n<img decoding=\"async\" class=\"slika\" src=\"http:\/\/www.videospotting.org\/wp-content\/uploads\/video-img\/simic\/simic-positive-connection-II.jpg\" alt=\"Mirko Simi\u010d, Positive Connection II\" \/><\/p>\n<p><strong>Jasna Hribernik, Lok telesa \/ The Body Bow<\/strong>, 18\u2032<br \/>\nSfinga, TV Slovenia, 1996<br \/>\n<a href=\"http:\/\/www.e-arhiv.org\/diva\/index.php?opt=work&amp;id=30\" target=\"_blank\" rel=\"noopener\">\u00bb video<\/a><br \/>\n<img decoding=\"async\" class=\"slika\" src=\"http:\/\/www.videospotting.org\/wp-content\/uploads\/video-img\/hribernik\/hribernik-lok-telesa.jpg\" alt=\"Jasna Hribernik, The Body Bow\" \/><\/p>\n","protected":false},"excerpt":{"rendered":"<p>Curator: Anita Budimir Production: SCCA-Ljubljana, 2017 Duration: 41\u2019 Premiere: 24th Anniversary of Metelkova City, Studio of Andrej Pezelj (Sep 8, 2017) In an abstract harmony, the selected works make visual and sound video trance experience. The footages disturbed by graphic signs, animated drawings and computer imagery, are crossing different times and cultures. While achieving audio-visual [&hellip;]<\/p>\n","protected":false},"author":1,"featured_media":0,"parent":0,"menu_order":0,"comment_status":"closed","ping_status":"closed","template":"","meta":{"footnotes":""},"class_list":["post-798","page","type-page","status-publish","hentry"],"_links":{"self":[{"href":"https:\/\/www.videospotting.org\/eng\/wp-json\/wp\/v2\/pages\/798","targetHints":{"allow":["GET"]}}],"collection":[{"href":"https:\/\/www.videospotting.org\/eng\/wp-json\/wp\/v2\/pages"}],"about":[{"href":"https:\/\/www.videospotting.org\/eng\/wp-json\/wp\/v2\/types\/page"}],"author":[{"embeddable":true,"href":"https:\/\/www.videospotting.org\/eng\/wp-json\/wp\/v2\/users\/1"}],"replies":[{"embeddable":true,"href":"https:\/\/www.videospotting.org\/eng\/wp-json\/wp\/v2\/comments?post=798"}],"version-history":[{"count":2,"href":"https:\/\/www.videospotting.org\/eng\/wp-json\/wp\/v2\/pages\/798\/revisions"}],"predecessor-version":[{"id":805,"href":"https:\/\/www.videospotting.org\/eng\/wp-json\/wp\/v2\/pages\/798\/revisions\/805"}],"wp:attachment":[{"href":"https:\/\/www.videospotting.org\/eng\/wp-json\/wp\/v2\/media?parent=798"}],"curies":[{"name":"wp","href":"https:\/\/api.w.org\/{rel}","templated":true}]}}